16) to base 7.
36146
-21022 (base 3) to base 16
-c5
Convert 33101 (base 4) to base 16.
3d1
Convert -1303133 (base 5) to base 6.
-313402
1126 (base 7) to base 4
12130
What is -10409 (base 15) in base 6?
-1034330
-6558 (base 9) to base 7
-20042
What is -115532 (base 7) in base 3?
-1002001212
What is 601 (base 9) in base 15?
227
-455 (base 8) to base 16
-12d
48 (base 13) to base 11
55
What is 2130 (base 7) in base 6?
3300
Convert -1914 (base 11) to base 7.
-10046
What is -115445 (base 6) in base 16?
-2855
Convert -34134 (base 6) to base 3.
-20121011
What is 10010101110 (base 2) in base 13?
712
Convert -50234 (base 9) to base 13.
-12034
What is -324b (base 15) in base 11?
-7aa9
15491 (base 11) to base 5
1200010
What is 313430 (base 5) in base 13?
4a0c
What is -1212 (base 8) in base 16?
-28a
Convert -511b (base 12) to base 14.
-32d1
-84 (base 15) to base 14
-8c
480 (base 15) to base 5
13040
What is 2311 (base 7) in base 9?
1134
211112 (base 3) to base 16
260
What is -2344 (base 5) in base 9?
-427
-131110 (base 4) to base 3
-2120111
-331 (base 10) to base 9
-407
What is -66288 (base 10) in base 14?
-1a22c
-101100 (base 3) to base 7
-546
What is 111120021 (base 3) in base 16?
26a1
What is 55 (base 16) in base 5?
320
Convert 3c (base 14) to base 11.
4a
-20 (base 14) to base 10
-28
What is -223033 (base 5) in base 3?
-101211100
-120121 (base 3) to base 15
-1d1
Convert -11102211 (base 3) to base 7.
-12301
What is -265 (base 15) in base 5?
-4140
What is 333 (base 13) in base 3?
202100
What is -ddaa (base 15) in base 11?
-32311
Convert -a52c (base 15) to base 7.
-203541
2422 (base 10) to base 13
1144
5022 (base 10) to base 7
20433
Convert 10112011 (base 3) to base 13.
1228
-397 (base 13) to base 15
-2c1
What is 10002202 (base 4) in base 16?
40a2
13211211 (base 4) to base 15
931c
Convert -21113 (base 5) to base 7.
-4051
What is 1350454 (base 6) in base 4?
102231202
Convert -23626 (base 9) to base 3.
-210200220
What is 10663 (base 9) in base 16?
1bc0
What is 110 (base 9) in base 15?
60
Convert 7402 (base 8) to base 14.
1586
-1404 (base 10) to base 15
-639
-243 (base 6) to base 7
-201
What is -1101010010101001 (base 2) in base 9?
-82610
Convert 44 (base 5) to base 15.
19
-6b8 (base 14) to base 12
-936
Convert 10663 (base 7) to base 14.
dda
What is -1523 (base 7) in base 16?
-25d
What is 2a46 (base 16) in base 6?
122034
Convert -399 (base 15) to base 7.
-2250
-13630 (base 8) to base 6
-43544
Convert 20957 (base 12) to base 15.
ca5a
Convert 3200 (base 7) to base 8.
2147
3200 (base 4) to base 14
120
What is 2221330 (base 4) in base 8?
25174
What is -38773 (base 10) in base 8?
-113565
10460 (base 9) to base 13
320a
Convert -571b (base 15) to base 9.
-27308
52111 (base 8) to base 6
243521
-1100100110000101 (base 2) to base 14
-14b2d
-11c38 (base 14) to base 11
-2a802
What is 734 (base 10) in base 2?
1011011110
What is 124004 (base 5) in base 13?
22b4
-317 (base 9) to base 12
-197
-c3a (base 13) to base 14
-a85
270 (base 15) to base 7
1422
What is 8d9 (base 15) in base 11?
1562
1350 (base 9) to base 11
845
50 (base 13) to base 4
1001
Convert 102122 (base 3) to base 5.
2224
What is -11344 (base 5) in base 11?
-702
Convert 1422 (base 7) to base 15.
270
Convert -12110001 (base 3) to base 6.
-30214
Convert 14041 (base 5) to base 10.
1146
1215 (base 8) to base 13
3b3
Convert 20321 (base 6) to base 16.
a99
-801 (base 11) to base 16
-3c9
Convert 10010 (base 6) to base 11.
a84
-1245 (base 16) to base 4
-1021011
Convert -cacc (base 13) to base 7.
-145165
Convert 11212 (base 6) to base 5.
22332
What is 5600 (base 9) in base 2?
1000000100011
Convert 54000 (base 7) to base 4.
3101001
What is 11845 (base 12) in base 8?
56165
Convert -68a4 (base 11) to base 6.
-105552
Convert -431 (base 9) to base 8.
-540
What is 106514 (base 7) in base 16?
4ab1
Convert 1419 (base 13) to base 15.
cd0
What is -400334 (base 6) in base 4?
-13220002
-21003 (base 4) to base 6
-2403
Convert b1 (base 15) to base 14.
bc
111110001 (base 2) to base 3
200102
-3442 (base 8) to base 9
-2448
What is -221023 (base 5) in base 14?
-2ad8
Convert -10636 (base 7) to base 11.
-2055
Convert 11001 (base 4) to base 11.
272
Convert 10553 (base 11) to base 8.
35710
Convert 32003 (base 4) to base 15.
3ee
-23225 (base 7) to base 5
-142243
-1219 (base 10) to base 8
-2303
341433 (base 5) to base 10
12118
Convert 36 (base 14) to base 5.
143
Convert -5068 (base 9) to base 16.
-e7b
What is 121120 (base 3) in base 11?
377
What is -2481 (base 10) in base 9?
-3356
Convert -a8 (base 13) to base 8.
-212
What is -762 (base 13) in base 8?
-2357
What is 313143 (base 5) in base 7?
42250
What is -2040 (base 5) in base 7?
-534
Convert 502 (base 11) to base 13.
379
Convert -1872 (base 10) to base 5.
-24442
Convert 84 (base 16) to base 10.
132
Convert 201120 (base 4) to base 9.
2833
What is -1325 (base 8) in base 14?
-39b
554 (base 9) to base 3
121211
Convert 6a95 (base 13) to base 11.
102a1
-2344 (base 6) to base 4
-20320
1be (base 16) to base 10
446
-326a (base 15) to base 12
-6217
259c (base 16) to base 6
112324
Convert 100001100110 (base 2) to base 12.
12b2
What is -43236 (base 11) in base 12?
-30446
What is 747 (base 9) in base 16?
262
-30b5 (base 13) to base 7
-25435
What is 1053 (base 9) in base 8?
1411
What is -3aa8 (base 13) in base 9?
-12484
Convert -4620 (base 7) to base 8.
-3220
Convert -357 (base 8) to base 2.
-11101111
What is 11204 (base 6) in base 3?
2011211
Convert -1012 (base 5) to base 3.
-11220
Convert -447 (base 14) to base 15.
-3b7
Convert 111001100011 (base 2) to base 9.
5042
-6453 (base 7) to base 16
-8f4
What is -1131101 (base 4) in base 3?
-22012002
Convert 3753 (base 10) to base 15.
11a3
What is 91c (base 16) in base 2?
100100011100
9939 (base 11) to base 15
3d40
-100020120 (base 3) to base 15
-1ee3
-1aa5 (base 11) to base 7
-10513
What is 3126 (base 7) in base 2?
10001001010
Convert -1020 (base 15) to base 5.
-102110
1bc (base 16) to base 10
444
What is 7913 (base 15) in base 14?
94d6
What is 52a2 (base 12) in base 9?
13365
Convert 120120222 (base 3) to base 12.
66b2
Convert 11110000100 (base 2) to base 11.
149a
Convert -10000010 (base 2) to base 3.
-11211
Convert -23435 (base 10) to base 2.
-101101110001011
Convert -113322 (base 4) to base 12.
-a76
Convert -b8a (base 16) to base 10.
-2954
-2202012 (base 4) to base 13
-4950
-4341020 (base 5) to base 16
-1230e
What is 202221010 (base 3) in base 10?
15258
Convert -1f3 (base 16) to base 6.
-2151
What is -9a (base 11) in base 8?
-155
Convert 121 (base 16) to base 11.
243
4315 (base 9) to base 4
301211
Convert 2132 (base 6) to base 5.
3423
Convert 1412133 (base 5) to base 3.
1110211200
What is 1521105 (base 6) in base 5?
10312020
Convert 17508 (base 9) to base 3.
121120022
1111123 (base 5) to base 16
4c52
What is 4214 (base 6) in base 13?
57a
What is 817 (base 11) in base 5?
12421
Convert 5257 (base 11) to base 10.
6959
-1c0 (base 13) to base 9
-401
What is -30d (base 15) in base 6?
-3104
Convert -2000030 (base 4) to base 16.
-200c
Convert 22220212 (base 3) to base 9.
8825
171d (base 14) to base 4
1000233
What is 111203 (base 6) in base 11?
7042
-22b5 (base 13) to base 8
-11420
Convert -34d (base 15) to base 5.
-10443
-11010000 (base 3) to base 14
-1141
3502 (base 7) to base 10
1276
Convert -42a5 (base 15) to base 7.
-56060
4243 (base 5) to base 3
210020
Convert -b16b (base 12) to base 8.
-45443
What is -8365 (base 11) in base 10?
-11082
22102332 (base 4) to base 11
29760
11312 (base 5) to base 10
832
What is 249 (base 10) in base 13?
162
-1401 (base 13) to base 6
-21150
2cb (base 13) to base 14
281
What is 12334 (base 5) in base 16?
3c9
What is 890 (base 15) in base 5?
30220
-2364 (base 7) to base 10
-879
Convert 9290 (base 11) to base 4.
3000200
What is 2005 (base 6) in base 3?
121012
What is -d36 (base 15) in base 8?
-5640
-1cce (base 15) to base 10
-6269
Convert -90 (base 14) to base 7.
-240
14371 (base 9) to base 4
2120320
Convert 3122 (base 9) to base 2.
100011110000
What is -36446 (base 8) in base 2?
-11110100100110
-901 (base 11) to base 4
-101002
What is -64650 (base 7) in base 2?
-11111011101011
Convert 13130 (base 4) to base 6.
2112
-1001011110111010 (base 2) to base 9
-58247
10ad (base 16) to base 4
1002231
-1084 (base 12) to base 8
-3444
cab7 (base 